 b(c) = c**2 - 4*c + 3. List the prime factors of b(y).
3
Let y = 563 - 330. Let s = 495 - y. List the prime factors of s.
2, 131
What are the prime factors of (-1 - (-5)/4)*(-12 - -3776)?
941
Let q be (-12)/(-18) - (656/(-6) + -3). Let s = q + -26. List the prime factors of s.
3, 29
Let o(t) = t**2 - 3*t + 4. Let a be o(3). Suppose 0 = -y + 3*h - 7*h - a, 2*y - 1 = -5*h. What are the prime factors of (0 - -1 - y)*-5?
5, 7
Suppose -5*z - 4*m + 307 = -m, z + 5*m - 79 = 0. Let v = z - 4. What are the prime factors of v?
5, 11
Let t(r) = -6*r + 20. Let c be t(-7). Let b = c - 48. List the prime factors of b.
2, 7
Suppose -5*n - 649 = -3*a - 0*a, -3*a + 4*n + 644 = 0. What are the prime factors of a?
2, 13
Suppose 2*m = -3*z + 6283, -4*z = 5*m - 9020 - 6677. List the prime factors of m.
3137
List the prime factors of (-1953)/(-12) - 6/8.
2, 3
Suppose -3*k - 4*k = -35. Suppose -5*i + 984 = -2*y, 0 = k*i - 5*y + 6*y - 978. List the prime factors of i.
2, 7
Suppose 2*l + s + 4 = 0, -4*s + 8 = -3*l - 6*s. Suppose l = -0*v + v - 15. Let h = v + -8. What are the prime factors of h?
7
Suppose -5*i - 4*q + 24 = -3*i, 2*i + 16 = 4*q. Suppose 2*z - 4*z + i*u + 140 = 0, -4*z + 5*u + 285 = 0. List the prime factors of z.
5, 13
Suppose 9 = s - 2*s. Let d be 192/s - 2/(-6). Let l = d - -25. What are the prime factors of l?
2
Let a be 2/13 + (-186)/26. Let x = a + 11. Suppose t = -x*n + 78, -n = -2*n + 5*t + 30. What are the prime factors of n?
2, 5
Let i be (-9)/(-6)*(-4)/(-3). Let c be 3 + 6/4*i. Suppose c*x + 23 = 7*x. List the prime factors of x.
23
List the prime factors of 61/915 + (-13978)/(-30).
2, 233
Suppose -3*i - 3 = -18. Let g(s) = -s + 7. What are the prime factors of g(i)?
2
Suppose 0 = -2*i + 15 - 23. Let z be (-15)/60 - 21/i. Suppose z*x = -3*k + 42 + 60, -x = k - 34. List the prime factors of k.
2, 17
Suppose -4*g + 1155 = -397. List the prime factors of g.
2, 97
Let m = 469 - -1085. List the prime factors of m.
2, 3, 7, 37
Let k(a) = a**3 - 5*a**2 - 18*a - 9. Suppose s + 3*d = 7*d + 17, s - 19 = 5*d. List the prime factors of k(s).
3, 17
Suppose 0 = -5*o - 2*o + 420. Suppose 0 = -2*x + 4*x - o. List the prime factors of x.
2, 3, 5
Let h be 56/(-196) - (-3)/((-21)/(-2)). Suppose 0 = -5*f - h*m - 5*m + 245, -2*f + 106 = -2*m. List the prime factors of f.
3, 17
Let l be 3/(-18)*2/(-1)*447. Let x = -84 + l. List the prime factors of x.
5, 13
Let r(a) = 3*a**2 - 21*a - 77. List the prime factors of r(33).
11, 227
Suppose 2*i = -3*i - 35. Let s(n) = 2*n**2 + 7*n + 11. Let u be s(i). Suppose 10 - u = -b. List the prime factors of b.
2, 5
Let x = 29 + -27. What are the prime factors of x - 10/2 - -95?
2, 23
Suppose t + 9848 = 4*d, 4*d - 3*t = 2*d + 4914. What are the prime factors of d?
3, 821
Let j = -307 + 543. Suppose -5*t + 54 + j = 0. Suppose -5*f + t = -42. What are the prime factors of f?
2, 5
Let v = 1462 + -645. What are the prime factors of v?
19, 43
Let k be (-192)/84 - (-2)/7. Let l = 0 + k. List the prime factors of 2/(l + 52/24).
2, 3
List the prime factors of (551 - -2)*(0 - -1).
7, 79
Suppose -5*t + 7*t = 28. List the prime factors of ((-21)/t)/((-1)/10).
3, 5
Let d(s) = -s**2 - 31*s + 21. Let z be d(-15). Suppose -r = p - z, 2*p + 1033 + 29 = 4*r. Suppose -10*w + 4*w = -r. List the prime factors of w.
2, 11
Let o = -166 + 76. Let a = o - -192. List the prime factors of a.
2, 3, 17
Let m(l) = -84*l - 67*l + 185*l - 12. What are the prime factors of m(5)?
2, 79
Let l be (-2 + -4 + 3)/(1/7). Let k = -4 - l. What are the prime factors of k?
17
Suppose 2*a - 18 = 818. List the prime factors of a.
2, 11, 19
Let h be 206 + -1 + (4 - 2). Suppose w = -4*g + h, 3*w - g - 387 = w. List the prime factors of w.
3, 5, 13
Let q = 256 - 199. What are the prime factors of q?
3, 19
What are the prime factors of (-1680)/(-2) - (-126)/14?
3, 283
Let i(j) = 12*j - 2*j**2 + 8*j**2 + 5 - j**3 - 19*j. What are the prime factors of i(4)?
3
Let v(y) = -4*y + 5. Let n be v(-13). Suppose -115 = -m + n. List the prime factors of m.
2, 43
Let t(m) = 29*m**2 + m - 1. Let p = -34 - -29. Let o be (-1 - -5) + p + 2. List the prime factors of t(o).
29
Suppose -4*i + 24 = -7*i. List the prime factors of 2/8 - 86/i.
11
Let t be 1 - 0 - (-8 - -7). Suppose k - t = 44. What are the prime factors of k?
2, 23
List the prime factors of (-2 - 4/2)/(3/(-78)).
2, 13
List the prime factors of (64 - (-2 - -4))/((-40)/(-480)).
2, 3, 31
Suppose 9*p - 392 = 5*p. Let l = p - 47. List the prime factors of l.
3, 17
Let d = 26 - -17. Suppose 4*j + 5*s - 56 = d, 2*j + 4*s - 42 = 0. What are the prime factors of j?
31
Let n be 429/(5 - 28/8). Suppose -3*f = u - n, -4*f = -2*u - 122 - 266. What are the prime factors of f?
2, 3
Suppose 5*o + 0 + 5 = 0. Let r = 3 - o. Suppose -t - r*t = -20. List the prime factors of t.
2
Suppose -1254 = 18*p - 9912. List the prime factors of p.
13, 37
Let r(o) = 43*o + 10. Let n be r(-6). Let p = -129 - n. What are the prime factors of p?
7, 17
Suppose k - 118 = 47. What are the prime factors of -4 - (4 - k/3)?
47
What are the prime factors of 1243620/720 + (-2)/8?
11, 157
Let f(t) = -t + 473. List the prime factors of f(21).
2, 113
Let f(n) = n**2 + 10*n - 7. Let l be f(-11). Suppose p = -w + 3, -l*w + 3*p = -0*w - 5. Suppose w*t = -t + 21. What are the prime factors of t?
7
Suppose -32 = 3*f + f. Let q be 4 - (-28 - 6/(-3)). List the prime factors of (q/(-8))/(f/96).
3, 5
Let y(l) be the first derivative of -l**4/4 - 4*l**3/3 + 7*l**2/2 + 4*l - 2. Let k be (-6)/(-16) + ((-3366)/48)/11. List the prime factors of y(k).
2, 17
Let y(f) = 31*f - 3. List the prime factors of y(2).
59
Suppose 16 = 2*j + 2*y, 0*y = -3*j + 2*y + 29. Suppose 7*s = j*s - 88. List the prime factors of s.
2, 11
Let k = 20 + -45. Let t be (-14)/35*(k + 0). Let m(g) = g**2 - 7*g - 11. List the prime factors of m(t).
19
Let p(y) = 32*y - 19. Let g be p(2). List the prime factors of 0 - (-9)/(g/80).
2
Suppose 4*j - 10 = 2*j. Let d be -5 + 5 + (-3)/(9/12). List the prime factors of 41 + d + j - -2.
2, 11
Let b = 561 - 58. List the prime factors of b.
503
Let k be ((1 - 1) + -3)*75. Let m = k - -389. List the prime factors of m/14 + 2/7.
2, 3
Suppose 18*n - 195 = 13*n. List the prime factors of n.
3, 13
Suppose 0 = -7*q + 6*q + 6. Let i be (3 + -5 - q)*-5. Suppose 3*w - i = -4*l, 0 = w + 2*l - 5*l - 9. List the prime factors of w.
2, 3
Suppose 0*g + 4*g = -8, 0 = -r + g + 44. Let f be (-28)/r*6/4. What are the prime factors of ((-9)/15)/(f/45)?
3
Suppose -2*y + 98 = 2*w, -5*w + 276 = 4*y + 83. What are the prime factors of y?
2, 13
Let p be 2/(-3)*762/(-4). Suppose p = 4*k - v, 4*k + 0*k - 3*v = 117. List the prime factors of (k/9)/((-5)/(-15)).
11
Suppose 2*x + 595 = 3*v + 7*x, 0 = 4*v + 2*x - 798. What are the prime factors of v?
2, 5
Suppose 11*w - 1445 - 8433 = 0. List the prime factors of w.
2, 449
Let u(y) = -3*y - 29. Let x be u(9). Let j = x - -169. List the prime factors of j.
113
Let x = 2483 + -16. What are the prime factors of x?
2467
Let q = 200 + -74. What are the prime factors of q/189 - (-3)/((-9)/(-85))?
29
Let b be 16/10 - 10/(-25). Suppose b*z = 4*z - 10. Suppose 0 = -2*g + z*m + 53, 2*g + 3*g - 2*m - 122 = 0. List the prime factors of g.
2, 3
Let y(d) = 3*d + 3. Let c be y(0). What are the prime factors of ((-129)/12 + c)*-8?
2, 31
Let n(s) = -s**3 - 10*s**2 + s + 16. Let l be n(-10). Suppose 36 = -4*v + l*v. List the prime factors of v.
2, 3
List the prime factors of (-3*(-2)/10)/(1/435).
3, 29
Suppose -5*n = -5*d + 5, 2 + 1 = -5*n + 3*d. Let c(v) = -2*v + 65. List the prime factors of c(n).
5, 13
Let f be 1*2*(-155)/(-5). Suppose -f + 8 = -6*j. What are the prime factors of j?
3
Let x(a) = 5*a**2 + 6*a - 17. What are the prime factors of x(-26)?
3, 1069
Let u be 9/2*8/6. Suppose 6 = -u*k + 7*k. Let y(t) = 2*t**2 + t - 19. What are the prime factors of y(k)?
59
Let x(w) be the second derivative of -20*w**3/3 - 4*w**2 + 2*w. Let c(j) = -j**3 + 9*j**2 - 10*j + 14. Let i be c(8). List the prime factors of x(i).
2, 3
Let t be (-6)/(-4)*(-2)/(-3). Suppose -178*j - 510 = -144*j. List the prime factors of -3 - (t*j + -1).
13
Let d(t) = 987*t**2 + 3*t + 10. List the prime factors of d(-2).
2, 13, 19
Let j(a) = a**3 + 4*a**2 + 3*a. Let f be j(-3). Suppose f*v - v - 8 = 0. Let